{"id":17322,"date":"2023-03-29T06:29:38","date_gmt":"2023-03-29T06:29:38","guid":{"rendered":"http:\/\/www.liderarte.com.mx\/oldsite\/?page_id=17322"},"modified":"2023-03-29T17:08:12","modified_gmt":"2023-03-29T17:08:12","slug":"patricia-polo","status":"publish","type":"page","link":"https:\/\/www.liderarte.com.mx\/oldsite\/patricia-polo\/","title":{"rendered":"Patricia Polo"},"content":{"rendered":"<div class=\"wpb-content-wrapper\"><p>[vc_row][vc_column][vc_row_inner][vc_column_inner][vc_single_image image=\u00bb17357&#8243; img_size=\u00bbmedium\u00bb][\/vc_column_inner][\/vc_row_inner][\/vc_column][\/vc_row][vc_row][vc_column][vc_column_text]<span style=\"color: #000000;\">Patricia se destaca como Profesional en Gobierno y Relaciones Internacionales; Especialista en Pol\u00edtica Social; M\u00e1ster en Acci\u00f3n Pol\u00edtica, Fortalecimiento Institucional y Participaci\u00f3n Ciudadana en el Estado de Derecho; y M\u00e1ster Oficial en Estudios Latinoamericanos. Con 19 a\u00f1os de experiencia en asistencia t\u00e9cnica para el fortalecimiento de instituciones del sector p\u00fablico; en el dise\u00f1o de pol\u00edticas p\u00fablicas y estrategias anticorrupci\u00f3n; y en la formulaci\u00f3n y la puesta en marcha de programas de \u00e9tica empresarial, buen gobierno y <i>compliance<\/i> en organizaciones del sector privado y la sociedad civil.<\/span><\/p>\n<p><span style=\"color: #000000;\">Coach Ejecutiva certificada, Mentora y Consultora Organizacional. Tiene una credencial Professional Coach.<\/span><\/p>\n<p><span style=\"color: #000000;\">Certified (PCC) de la International Coach Federation (ICF). Con 13 a\u00f1os de experiencia desarrollando programas de coaching para altos ejecutivos y entrenamientos de alto impacto para l\u00edderes y equipos de organizaciones en Am\u00e9rica Latina.<\/span><\/p>\n<p><span style=\"color: #000000;\">-2016 a la fecha- Experiencia destacada en el sector Privado en Consultor\u00eda para el dise\u00f1o y puesta e<\/span>n marcha de:<\/p>\n<ul>\n<li>Programas de \u00c9tica\u00a0 y\u00a0 <i>Compliance<\/i><\/li>\n<li>Pol\u00edticas de Gesti\u00f3n\u00a0 de\u00a0 Riesgos\u00a0 dCorrupci\u00f3n,\u00a0 Lavado\u00a0 de\u00a0 Activos\u00a0 y al\u00a0 Terrorismo\u00a0 (COLAFT).<\/li>\n<li>Matrices de Riesgos\u00a0 COLAFT<\/li>\n<li>C\u00f3digos de \u00c9tica<\/li>\n<li>Pol\u00edticas de Conflictos\u00a0 de\u00a0 Intereses<\/li>\n<li>Pol\u00edticas Regalos, Atenciones,\u00a0 Donaciones y\u00a0 Patrocinios<\/li>\n<li>Lineamientos de Comit\u00e9s\u00a0 de\u00a0 \u00c9tica\u00a0 y <i>Compliance<\/i> .<\/li>\n<li>Mecanismos para la\u00a0 denuncia\u00a0 de infracciones\u00a0 \u00e9ticas\u00a0 y\u00a0 casos\u00a0 de\u00a0 corrupci\u00f3n.<\/li>\n<li>Pol\u00edtica de Derechos\u00a0 Humanos,\u00a0 etc.<\/li>\n<li>Procesos de coaching\u00a0 ejecutivo\u00a0 y\u00a0 de equipos,\u00a0 programas\u00a0 de\u00a0 mentor\u00eda\u00a0 y desarrollo\u00a0 organizacional.<\/li>\n<\/ul>\n<p>&nbsp;<\/p>\n<p><b>\u00c1REAS DE EXPERIENCIA<\/b><\/p>\n<p><strong>Coaching Ejecutivo y de equipos. Programas de \u00e9tica, mentor\u00eda y desarrollo organizacional. Profesional en Gobierno y Relaciones Internacionales. Especialista en Pol\u00edtica Social.<\/strong>[\/vc_column_text][\/vc_column][\/vc_row][vc_row][vc_column][vc_separator css=\u00bb.vc_custom_1680067610241{padding-top: 20px !important;padding-bottom: 20px !important;}\u00bb][\/vc_column][\/vc_row]<\/p>\n<\/div>","protected":false},"excerpt":{"rendered":"<p>[vc_row][vc_column][vc_row_inner][vc_column_inner][vc_single_image image=\u00bb17357&#8243; img_size=\u00bbmedium\u00bb][\/vc_column_inner][\/vc_row_inner][\/vc_column][\/vc_row][vc_row][vc_column][vc_column_text]Patricia se destaca como Profesional en Gobierno y Relaciones Internacionales; Especialista en Pol\u00edtica Social; M\u00e1ster en Acci\u00f3n Pol\u00edtica, Fortalecimiento Institucional y Participaci\u00f3n Ciudadana en el Estado de Derecho; y M\u00e1ster Oficial en Estudios Latinoamericanos. Con 19 a\u00f1os de experiencia en asistencia t\u00e9cnica para el fortalecimiento de instituciones del sector p\u00fablico; en el dise\u00f1o [&hellip;]<\/p>\n","protected":false},"author":1,"featured_media":0,"parent":0,"menu_order":0,"comment_status":"closed","ping_status":"closed","template":"","meta":{"footnotes":""},"class_list":["post-17322","page","type-page","status-publish","hentry"],"_links":{"self":[{"href":"https:\/\/www.liderarte.com.mx\/oldsite\/wp-json\/wp\/v2\/pages\/17322","targetHints":{"allow":["GET"]}}],"collection":[{"href":"https:\/\/www.liderarte.com.mx\/oldsite\/wp-json\/wp\/v2\/pages"}],"about":[{"href":"https:\/\/www.liderarte.com.mx\/oldsite\/wp-json\/wp\/v2\/types\/page"}],"author":[{"embeddable":true,"href":"https:\/\/www.liderarte.com.mx\/oldsite\/wp-json\/wp\/v2\/users\/1"}],"replies":[{"embeddable":true,"href":"https:\/\/www.liderarte.com.mx\/oldsite\/wp-json\/wp\/v2\/comments?post=17322"}],"version-history":[{"count":3,"href":"https:\/\/www.liderarte.com.mx\/oldsite\/wp-json\/wp\/v2\/pages\/17322\/revisions"}],"predecessor-version":[{"id":17380,"href":"https:\/\/www.liderarte.com.mx\/oldsite\/wp-json\/wp\/v2\/pages\/17322\/revisions\/17380"}],"wp:attachment":[{"href":"https:\/\/www.liderarte.com.mx\/oldsite\/wp-json\/wp\/v2\/media?parent=17322"}],"curies":[{"name":"wp","href":"https:\/\/api.w.org\/{rel}","templated":true}]}}