{"id":17316,"date":"2023-03-29T06:21:14","date_gmt":"2023-03-29T06:21:14","guid":{"rendered":"http:\/\/www.liderarte.com.mx\/oldsite\/?page_id=17316"},"modified":"2023-03-29T17:07:21","modified_gmt":"2023-03-29T17:07:21","slug":"maria-gamez","status":"publish","type":"page","link":"https:\/\/www.liderarte.com.mx\/oldsite\/maria-gamez\/","title":{"rendered":"Mar\u00eda G\u00e1mez"},"content":{"rendered":"<div class=\"wpb-content-wrapper\"><p>[vc_row][vc_column][vc_row_inner][vc_column_inner][vc_single_image image=\u00bb17362&#8243; img_size=\u00bbmedium\u00bb][\/vc_column_inner][\/vc_row_inner][\/vc_column][\/vc_row][vc_row][vc_column][vc_column_text]<span style=\"color: #000000;\">Durante 15 a\u00f1os su actividad estuvo vinculada al desarrollo empresarial como VP siendo socia fundadora de F\u00e1brica de Resortes Gamfer , lo cual le brinda una amplia visi\u00f3n de las fortalezas y \u00e1reas de oportunidad del panorama general en empresas.<\/span><\/p>\n<p><span style=\"color: #000000;\">Colabora con l\u00edderes, empresarios y altos ejecutivos de empresas multinacionales como familiares ayud\u00e1ndolos a alinear su visi\u00f3n personal con la de la organizaci\u00f3n y mejorar su calidad de vida, cocreando competencias de comunicaci\u00f3n e inteligencia emocional y som\u00e1tica.<\/span><\/p>\n<p><span style=\"color: #000000;\">Mar\u00eda se ha capacitado en t\u00e9cnicas para el conocimiento de los aspectos intuitivos y sensaciones corporales, herramientas que utiliza en entrenamientos y capacitaci\u00f3n a gerentes y ejecutivos de empresas para iluminar lo que normalmente no est\u00e1 apto desde el intelecto.<\/span><\/p>\n<p><span style=\"color: #000000;\">Es experta\u00a0 en herramientas de Evaluaciones psicom\u00e9tricas, Innermetrix.<\/span><\/p>\n<p><span style=\"color: #000000;\">Mar\u00eda es instructora y desarrolladora de Cursos empresariales. Expositora. Instructora en Manejo de estr\u00e9s y desarrollo personal.<\/span><\/p>\n<p><span style=\"color: #000000;\">Se ha desempe\u00f1ado como docente de c\u00e1tedra en la formaci\u00f3n terciaria de Counseling y ha participado en la Comisi\u00f3n Directiva de Asociaci\u00f3n Argentina de Counselors por tres per\u00edodos consecutivos.<\/span><\/p>\n<p><span style=\"color: #000000;\">Maria cree que la escucha sutil, esa que conjuga la palabra, el sentimiento y disposici\u00f3n a la acci\u00f3n, son una fuente inagotable de experiencia y transformaci\u00f3n de las personas.<\/span><\/p>\n<p><span style=\"color: #000000;\">Le encanta la naturaleza, los viajes como experiencia de lo distinto a lo cotidiano y el compartir momentos con significado.<\/span><\/p>\n<p><span style=\"color: #000000;\">Posee certificaci\u00f3n en Coaching Profesional y Ejecutivo, en Focusing- Focusing Institute de New York- Es Counselor en Desarrollo Humano. Tiene certificaci\u00f3n en Neurosem\u00e1ntica y entrenamiento en Re-Encuadre Conversacional- Michael Hall International Society of Neuro-Semantic.<\/span><\/p>\n<p>&nbsp;<\/p>\n<p><b>\u00c1REAS DE EXPERIENCIA<\/b><\/p>\n<p><b>Coaching Ejecutivo y de vida. <\/b><b>Habilidades y destrezas de la comunicaci\u00f3n. Desarrollo de talento. <\/b><b>Programas de registros corporales y control del estr\u00e9s.<\/b>[\/vc_column_text][\/vc_column][\/vc_row][vc_row][vc_column][vc_separator css=\u00bb.vc_custom_1680067610241{padding-top: 20px !important;padding-bottom: 20px !important;}\u00bb][\/vc_column][\/vc_row]<\/p>\n<\/div>","protected":false},"excerpt":{"rendered":"<p>[vc_row][vc_column][vc_row_inner][vc_column_inner][vc_single_image image=\u00bb17362&#8243; img_size=\u00bbmedium\u00bb][\/vc_column_inner][\/vc_row_inner][\/vc_column][\/vc_row][vc_row][vc_column][vc_column_text]Durante 15 a\u00f1os su actividad estuvo vinculada al desarrollo empresarial como VP siendo socia fundadora de F\u00e1brica de Resortes Gamfer , lo cual le brinda una amplia visi\u00f3n de las fortalezas y \u00e1reas de oportunidad del panorama general en empresas. Colabora con l\u00edderes, empresarios y altos ejecutivos de empresas multinacionales como familiares ayud\u00e1ndolos [&hellip;]<\/p>\n","protected":false},"author":1,"featured_media":0,"parent":0,"menu_order":0,"comment_status":"closed","ping_status":"closed","template":"","meta":{"footnotes":""},"class_list":["post-17316","page","type-page","status-publish","hentry"],"_links":{"self":[{"href":"https:\/\/www.liderarte.com.mx\/oldsite\/wp-json\/wp\/v2\/pages\/17316","targetHints":{"allow":["GET"]}}],"collection":[{"href":"https:\/\/www.liderarte.com.mx\/oldsite\/wp-json\/wp\/v2\/pages"}],"about":[{"href":"https:\/\/www.liderarte.com.mx\/oldsite\/wp-json\/wp\/v2\/types\/page"}],"author":[{"embeddable":true,"href":"https:\/\/www.liderarte.com.mx\/oldsite\/wp-json\/wp\/v2\/users\/1"}],"replies":[{"embeddable":true,"href":"https:\/\/www.liderarte.com.mx\/oldsite\/wp-json\/wp\/v2\/comments?post=17316"}],"version-history":[{"count":3,"href":"https:\/\/www.liderarte.com.mx\/oldsite\/wp-json\/wp\/v2\/pages\/17316\/revisions"}],"predecessor-version":[{"id":17379,"href":"https:\/\/www.liderarte.com.mx\/oldsite\/wp-json\/wp\/v2\/pages\/17316\/revisions\/17379"}],"wp:attachment":[{"href":"https:\/\/www.liderarte.com.mx\/oldsite\/wp-json\/wp\/v2\/media?parent=17316"}],"curies":[{"name":"wp","href":"https:\/\/api.w.org\/{rel}","templated":true}]}}