{"id":17303,"date":"2023-03-29T05:46:39","date_gmt":"2023-03-29T05:46:39","guid":{"rendered":"http:\/\/www.liderarte.com.mx\/oldsite\/?page_id=17303"},"modified":"2023-03-29T17:05:06","modified_gmt":"2023-03-29T17:05:06","slug":"agustin-corres","status":"publish","type":"page","link":"https:\/\/www.liderarte.com.mx\/oldsite\/agustin-corres\/","title":{"rendered":"Agust\u00edn Corres"},"content":{"rendered":"<div class=\"wpb-content-wrapper\"><p>[vc_row][vc_column][vc_row_inner][vc_column_inner][vc_single_image image=\u00bb17368&#8243; img_size=\u00bbmedium\u00bb][\/vc_column_inner][\/vc_row_inner][\/vc_column][\/vc_row][vc_row][vc_column][vc_column_text]<span style=\"color: #000000;\"><b>Se certific\u00f3 como Coach en:<\/b><\/span><br \/>\n<span style=\"color: #000000;\">\u2713 ICC (International Coaching Community) como Coach y Coach de Negocio<\/span><br \/>\n<span style=\"color: #000000;\">\u2713 ICF (International Coaching Federation) como Coach de Equipo<\/span><br \/>\n<span style=\"color: #000000;\">\u2713 Especializaci\u00f3n en Neurosem\u00e1ntica con el PH Michael Hall<\/span><\/p>\n<p><span style=\"color: #000000;\">Realiz\u00f3 su maestr\u00eda en la Universidad del Valle de M\u00e9xico en Comercializaci\u00f3n Estrat\u00e9gica especializ\u00e1ndose en\u00a0 Planeaci\u00f3n Estrat\u00e9gica y Alta Direcci\u00f3n en la Universidad Europea de Madrid.<\/span><\/p>\n<p><span style=\"color: #000000;\">Imparte la materia de Emprendedores y Sustentabilidad en la Universidad La Salle.<\/span><br \/>\n<span style=\"color: #000000;\">Sus intervenciones m\u00e1s recientes han sido como Coach Ejecutivo y Coach facilitador en temas de Liderazgo y\u00a0 Equipos de Alto Desempe\u00f1o en las empresas: Sports World, Seguros Argos, Televisa, Grupo Bocar, Grupo M\u00e9xico, Sky, IXE, Banamex entre otras.<\/span><\/p>\n<p><span style=\"color: #000000;\"><b>A trav\u00e9s de una visi\u00f3n de Corresponsabilidad y el Coaching busca :<\/b><\/span><br \/>\n<span style=\"color: #000000;\">1) El fortalecimiento de conversaciones donde la productividad sea el objetivo y la sustentabilidad el eje transversal que gu\u00ede la toma de decisiones en la cultura de negocio.<\/span><br \/>\n<span style=\"color: #000000;\">2) Generar una Cultura de Acuerdos y Cumplimiento.<\/span><\/p>\n<p>&nbsp;<\/p>\n<p><b>\u00c1REAS DE EXPERIENCIA<\/b><\/p>\n<p><b>Desarrollo del Potencial Humano, Change Management, Negociaci\u00f3n, Coaching Ejecutivo, Coaching Estrat\u00e9gico, Cultura Organizacional, Pensamiento Estrat\u00e9gico, <\/b><b>Feedback<\/b><b> 360.<\/b><\/p>\n<p><b>.<\/b>[\/vc_column_text][\/vc_column][\/vc_row][vc_row][vc_column][vc_separator css=\u00bb.vc_custom_1680067610241{padding-top: 20px !important;padding-bottom: 20px !important;}\u00bb][\/vc_column][\/vc_row]<\/p>\n<\/div>","protected":false},"excerpt":{"rendered":"<p>[vc_row][vc_column][vc_row_inner][vc_column_inner][vc_single_image image=\u00bb17368&#8243; img_size=\u00bbmedium\u00bb][\/vc_column_inner][\/vc_row_inner][\/vc_column][\/vc_row][vc_row][vc_column][vc_column_text]Se certific\u00f3 como Coach en: \u2713 ICC (International Coaching Community) como Coach y Coach de Negocio \u2713 ICF (International Coaching Federation) como Coach de Equipo \u2713 Especializaci\u00f3n en Neurosem\u00e1ntica con el PH Michael Hall Realiz\u00f3 su maestr\u00eda en la Universidad del Valle de M\u00e9xico en Comercializaci\u00f3n Estrat\u00e9gica especializ\u00e1ndose en\u00a0 Planeaci\u00f3n Estrat\u00e9gica y Alta [&hellip;]<\/p>\n","protected":false},"author":1,"featured_media":0,"parent":0,"menu_order":0,"comment_status":"closed","ping_status":"closed","template":"","meta":{"footnotes":""},"class_list":["post-17303","page","type-page","status-publish","hentry"],"_links":{"self":[{"href":"https:\/\/www.liderarte.com.mx\/oldsite\/wp-json\/wp\/v2\/pages\/17303","targetHints":{"allow":["GET"]}}],"collection":[{"href":"https:\/\/www.liderarte.com.mx\/oldsite\/wp-json\/wp\/v2\/pages"}],"about":[{"href":"https:\/\/www.liderarte.com.mx\/oldsite\/wp-json\/wp\/v2\/types\/page"}],"author":[{"embeddable":true,"href":"https:\/\/www.liderarte.com.mx\/oldsite\/wp-json\/wp\/v2\/users\/1"}],"replies":[{"embeddable":true,"href":"https:\/\/www.liderarte.com.mx\/oldsite\/wp-json\/wp\/v2\/comments?post=17303"}],"version-history":[{"count":3,"href":"https:\/\/www.liderarte.com.mx\/oldsite\/wp-json\/wp\/v2\/pages\/17303\/revisions"}],"predecessor-version":[{"id":17376,"href":"https:\/\/www.liderarte.com.mx\/oldsite\/wp-json\/wp\/v2\/pages\/17303\/revisions\/17376"}],"wp:attachment":[{"href":"https:\/\/www.liderarte.com.mx\/oldsite\/wp-json\/wp\/v2\/media?parent=17303"}],"curies":[{"name":"wp","href":"https:\/\/api.w.org\/{rel}","templated":true}]}}